, 3*w - 11 = -l + 110. Let h(i) = i - 5*i + i + 2*i**2 + 2. What is the remainder when w is divided by h(3)?
8
Let u = 129 - 84. Calculate the remainder when u is divided by 16.
13
Suppose 0 = -4*y - 3*c + 15 + 41, 14 = y - 2*c. What is the remainder when 84/(-8)*(-36)/7 is divided by y?
12
Suppose 2*s - 9 + 21 = 4*m, 0 = 4*m - 5*s. Suppose z - 4*z - 20 = -f, m*f = -5*z + 20. Calculate the remainder when f is divided by 5.
3
Suppose 2 - 12 = -y. What is the remainder when 38 is divided by y?
8
Suppose -5*x + 4*m = -21 - 6, -m = 3*x - 6. Let c(s) = -s**3 - 10*s**2 + 12*s + 17. What is the remainder when c(-11) is divided by x?
0
Let y = -7 + 11. What is the remainder when 14 is divided by y?
2
Suppose 5*w + 0*a + 2355 = 3*a, -2*w + 4*a - 942 = 0. What is the remainder when w/(-21) - 12/28 is divided by 2/2 + 0 + 7?
6
Suppose 6*o - o = 155. Calculate the remainder when o is divided by 11.
9
Let u be (-1432)/(-20) - 2/(-5). Suppose 2*q = -2*r - u, -q + 5*q + 2*r + 148 = 0. What is the remainder when 19 is divided by q/(-4) + 4/8?
9
Let f(k) = k**3 - 5*k**2 + 3*k - 7. What is the remainder when f(5) is divided by 3?
2
Let j = 8 - -2. What is the remainder when j is divided by 6?
4
Suppose 16 = 2*w + 5*u, 2*w - 3*u = -3*w + 9. Suppose n + 68 = w*n. Calculate the remainder when n is divided by (17 + -3)*(-18)/(-21).
10
Let k(p) = 7*p - 9. Let f(w) = -11*w + 14. Let g(m) = -5*f(m) - 8*k(m). Calculate the remainder when 7 is divided by g(-1).
1
Calculate the remainder when 83 is divided by ((-84)/(-10))/(3/10).
27
Suppose u - 9 = -0*u + 5*x, 3*u = x - 1. Let k = u + 9. Let m(o) = o**2 - 7*o + 5. Calculate the remainder when k is divided by m(7).
3
Suppose 0 = -4*f - 5*w + 103, 0 = 3*f - w - 29 - 34. Suppose 53 + f = 3*l. What is the remainder when l is divided by 13?
12
Let h = -1 + 24. Let b be ((-11)/3 + 3)*-3. Suppose 4*z = b*z + 24. What is the remainder when h is divided by z?
11
Suppose 4*m - 4*n + 91 = 399, 3*m - 2*n - 236 = 0. Calculate the remainder when m is divided by 28.
26
Let h be (-1 + 26/6)*-3. Let q(u) = u**3 - 6*u**2 + 4*u - 7. Let x be q(5). Calculate the remainder when 23 is divided by (-80)/(-12)*x/h.
7
Let r be 18/(-1 - 2) + -1. Let f = 7 + r. Suppose 3*o + 0*o - 9 = f. Calculate the remainder when 8 is divided by o.
2
Let n = 24 - 2. What is the remainder when n is divided by 5?
2
Let y(h) = -5*h. Let t = 1 + -13. Let g = t + 23. Calculate the remainder when y(-4) is divided by g.
9
Suppose -c + 5*c = 0. Calculate the remainder when 27 is divided by c - (1 - (-2 + 13)).
7
Let s(a) = -4*a - 7. Suppose -22 - 18 = -5*t. What is the remainder when s(-5) is divided by t?
5
Suppose -5*d = -39 - 116. Suppose -h + d = 10. Suppose -12 = -3*s + 21. What is the remainder when h is divided by s?
10
Suppose -2*t - 3*t = 0. Let c be t/(2 + -2 + 1). Suppose -f + 2*f - 4 = c. What is the remainder when 7 is divided by f?
3
Suppose 0*m - 6 = -3*m. Suppose m*v - 3*v = 2*r - 35, 0 = -r - 4*v + 35. Calculate the remainder when r is divided by 6.
3
Let p = -4 + 10. Calculate the remainder when (-1 + -2)/((-6)/20) is divided by p.
4
Suppose 2*h - 5*h + 4*q + 28 = 0, 0 = 5*h + 3*q - 66. Let t be 1218/9 + 2/3. Suppose y - t = -3*y. What is the remainder when y is divided by h?
10
Let u be 279/(-2)*6/(-9). Suppose -u = -5*j + 57. What is the remainder when j is divided by 8?
6
Let y = 77 - 73. Calculate the remainder when 11 is divided by y.
3
Let k = -5 + 7. Let s = -1 - -8. What is the remainder when k - (2 + -3 - 16) is divided by s?
5
Let o = 49 + -32. What is the remainder when o is divided by 5?
2
Let x be (-4 + -1)/((-2)/2). Suppose 23 + 12 = -5*c - 3*a, -x = -5*c + 5*a. Let o = 13 - c. Calculate the remainder when 49 is divided by o.
15
Suppose -9*d + d = -192. What is the remainder when d is divided by 14?
10
Let f(j) = -j**2 + 47. Let y(l) = l**3 + l**2 - l + 4. Let x be y(0). Suppose x*c = 9*c. Calculate the remainder when f(c) is divided by 16.
15
Suppose 5*x - 24 = 6. What is the remainder when 23 is divided by x?
5
Let m = 12 - 6. Suppose 3*w - 4*a - 6 = m, 3*w + 2*a = 12. Suppose 5*k + 69 = w*n, 3*k - 5*k - 43 = -3*n. Calculate the remainder when n is divided by 4.
3
Suppose -4*g = -0*j + 2*j - 242, j = -4*g + 247. Suppose 5*w = -h + 4*h - 51, 4*h = 5*w + g. What is the remainder when 45 is divided by h?
9
Let m(k) = 6*k - 21. Calculate the remainder when m(11) is divided by 12.
9
Calculate the remainder when 35 is divided by -19*(-1 - -4)/(-3).
16
Let p(r) = r**3 + 4*r**2 + r - 4. Let i be p(-3). Suppose 2 = f - i. Calculate the remainder when 15 is divided by f.
3
Let k = -155 + 163. Let w(s) = -s**3 - s**2 + 5. Let u be w(0). Suppose u*x - 22 + 7 = 0. What is the remainder when k is divided by x?
2
Let c(o) = 9*o**3 - 2*o**2 + 2*o - 1. Calculate the remainder when c(1) is divided by 5.
3
Suppose 3*i - y = 17 - 6, 5*i + 2*y = 0. Let s be (-3 + i)*(-6)/(-2). Calculate the remainder when 10 is divided by ((-4)/s)/(3/9).
2
Let p = 14 + -9. Suppose 2*w - 15 = 3*s + 6, p*w + s - 95 = 0. Calculate the remainder when w is divided by 10.
8
Suppose f - 285 = -4*j, 2*f = 2*j + 4*f - 144. Let v(n) = 17*n**2 + 1. What is the remainder when j is divided by v(-1)?
17
Let t(u) = -17*u**3 + u + 1. Let a be 1 + 5/((-5)/2). Let g = 0 - -31. Calculate the remainder when g is divided by t(a).
14
Let d = 3 + -1. Suppose 43 = 2*x + 3*t, -x = -6*t + t + 11. What is the remainder when x is divided by -1 + (d/(-2) - -7)?
4
Let k = 250 - 179. Calculate the remainder when k is divided by 24.
23
Let y(x) = 2*x**2 + 23*x - 3. What is the remainder when 52 is divided by y(-12)?
7
Suppose -5*p + 1050 = 5*p. Calculate the remainder when p is divided by 18.
15
Let y be 52*(-2 - -6 - 3). Let f = y - 32. Suppose -2*k + 7 = -7. Calculate the remainder when f is divided by k.
6
Let q = -6 + 8. Suppose q = 2*u, -n - u = n - 29. Suppose 0 = p - 20 - 20. What is the remainder when p is divided by n?
12
Suppose q = 8 + 10. Let r(l) = 2*l**2 + l - 3. What is the remainder when r(4) is divided by q?
15
Let o = 21 - 8. Let x = 6 + o. Calculate the remainder when x is divided by 5.
4
Let b = 178 + -99. What is the remainder when b is divided by 20?
19
Suppose 8*q = 3*q + 4*b + 36, -4*q = -2*b - 30. Suppose i - 48 = -5*w, 3*i + 2*w + 13 - 170 = 0. Let o = i - 30. Calculate the remainder when o is divided by q.
7
Let g be 208/3 - 2/6. Suppose -g = -4*t + 35. Calculate the remainder when t is divided by 7.
5
Let b(w) = w**3 - 7*w**2 - 4*w + 5. Let k be b(6). Suppose f - 2*f - 2*d = 24, 4*d = -5*f - 114. Let i = f - k. Calculate the remainder when i is divided by 12.
9
Let u(q) = -q**3 + 10*q**2. Let h be u(10). Let d = h + 2. Calculate the remainder when 3 is divided by d.
1
What is the remainder when 560/(-84)*12/(-10) is divided by 4?
0
What is the remainder when 162 is divided by (-27)/(-18)*2*11?
30
Suppose 0*s = -s - 16. Let v = -11 - s. Calculate the remainder when 8 is divided by v.
3
Let i be -1 + (-2 - -1)*-7. Let g be i/9 - 1/(-3). What is the remainder when 10 is divided by g + (-4)/((-8)/10)?
4
Suppose -4*n - 4*r = -56, n = -4*n - r + 66. Let c = -40 - -78. What is the remainder when c is divided by n?
12
Let l(w) = -w**2 - 12*w - 12. What is the remainder when 23 is divided by l(-10)?
7
Let s(c) = 3*c + 2. Let d(v) = 4*v + 3. Let a(w) = -2*d(w) + 3*s(w). Calculate the remainder when a(7) is divided by 5.
2
Suppose -3*w = 5*c - 156, 2*c - 2 = 4*w + 76. Let u = -19 - -28. What is the remainder when c is divided by u?
6
Let z = -2 + 10. What is the remainder when -2*(66/(-4) + (-9)/(-9)) is divided by z?
7
Let q = 21 - -11. Let u be (-1)/2*44/2. Let i = 22 + u. What is the remainder when q is divided by i?
10
Suppose -162 + 50 = -2*x - 5*w, w = x - 70. What is the remainder when x is divided by 34?
32
Let x(k) = -45*k + 1. Let v = -15 - -31. What is the remainder when x(-1) is divided by v?
14
Let t(m) = -m**3 + 5*m**2 + 7*m. Let k(u) = u + 3. Suppose 3*z + 14 = 5*z. What is the remainder when k(z) is divided by t(6)?
4
Let m = -94 - -131. Suppose -x - 4 = 0, -4*f + m = f + 2*x. Suppose 11 + 14 = g. Calculate the remainder when g is divided by f.
7
Suppose 4*v - 233 = 255. Calculate the remainder when v is divided by 32.
26
Let w(n) = -2*n + 3. Let d(r) = r - 1. Let m(